{"id":339,"date":"2017-07-08T14:45:43","date_gmt":"2017-07-08T14:45:43","guid":{"rendered":"http:\/\/www.tonkontrol.com\/?post_type=portfolio&#038;p=339"},"modified":"2019-03-14T13:05:58","modified_gmt":"2019-03-14T13:05:58","slug":"tek-manyetik-ton-pahser","status":"publish","type":"portfolio","link":"https:\/\/www.tonkontrol.com\/es\/portfolio\/tek-manyetik-ton-pahser\/","title":{"rendered":"Solo Tono Magn\u00e9tico &#8211; Phaser"},"content":{"rendered":"<p>Somos el \u00fanico tono magn\u00e9tico del dise\u00f1o y fabricaci\u00f3n de circuitos, tambi\u00e9n conocida como los m\u00fasicos amigos toneladas alabarda. caracter\u00edsticas: &#8211; 6 opci\u00f3n de Ton &#8211; Toneladas afilan &#8211; preamplificador Bass &#8211; z T &#8211; Control de volumen &#8211; Phaser (Leslie) estilo de Anatolia central se ha logrado con la adici\u00f3n de tonificaci\u00f3n.<\/p>\n<p><center><div class=\"kad-youtube-shortcode videofit\" style=\"max-width:600px;\" ><iframe width=\"600\" height=\"400\" src=\"\/\/www.youtube.com\/embed\/cE3YWsUO7lE?autoplay=0&amp;controls=1&amp;fs=1&amp;modestbranding=1&amp;theme=dark&amp;rel=0&amp;loop=0\" frameborder=\"0\" allowfullscreen=\"true\"><\/iframe><\/div><\/center><\/p>\n<p><center><div class=\"kad-youtube-shortcode videofit\" style=\"max-width:600px;\" ><iframe width=\"600\" height=\"400\" src=\"\/\/www.youtube.com\/embed\/U4qgc_RGPl8?autoplay=0&amp;controls=1&amp;fs=1&amp;modestbranding=1&amp;theme=dark&amp;rel=0&amp;loop=0\" frameborder=\"0\" allowfullscreen=\"true\"><\/iframe><\/div><\/center><\/p>\n","protected":false},"excerpt":{"rendered":"<p>Somos el \u00fanico tono magn\u00e9tico del dise\u00f1o y fabricaci\u00f3n de circuitos, tambi\u00e9n conocida como los m\u00fasicos amigos toneladas alabarda. caracter\u00edsticas: &#8211; 6 opci\u00f3n de Ton &#8211; Toneladas afilan &#8211; preamplificador Bass &#8211; z T &#8211; Control de volumen &#8211; Phaser &hellip; <a href=\"https:\/\/www.tonkontrol.com\/es\/portfolio\/tek-manyetik-ton-pahser\/\">Continuar<\/a><\/p>\n","protected":false},"author":1,"featured_media":200,"menu_order":7,"comment_status":"closed","ping_status":"closed","template":"","meta":{"kt_blocks_editor_width":"","ngg_post_thumbnail":0},"portfolio-type":[5],"translation":{"provider":"WPGlobus","version":"2.8.11","language":"es","enabled_languages":["tr","en","ar","az","gr","ru","de","es","fr"],"languages":{"tr":{"title":true,"content":true,"excerpt":false},"en":{"title":true,"content":true,"excerpt":false},"ar":{"title":true,"content":true,"excerpt":false},"az":{"title":true,"content":true,"excerpt":false},"gr":{"title":true,"content":true,"excerpt":false},"ru":{"title":true,"content":true,"excerpt":false},"de":{"title":true,"content":true,"excerpt":false},"es":{"title":true,"content":true,"excerpt":false},"fr":{"title":true,"content":true,"excerpt":false}}},"yoast_head":"<!-- This site is optimized with the Yoast SEO plugin v19.0 - https:\/\/yoast.com\/wordpress\/plugins\/seo\/ -->\n<title>Solo Tono Magn\u00e9tico - Phaser - Ton Kontrol<\/title>\n<meta name=\"robots\" content=\"index, follow, max-snippet:-1, max-image-preview:large, max-video-preview:-1\" \/>\n<link rel=\"canonical\" href=\"https:\/\/www.tonkontrol.com\/de\/portfolio\/tek-manyetik-ton-pahser\/\" \/>\n<meta property=\"og:locale\" content=\"es_ES\" \/>\n<meta property=\"og:type\" content=\"article\" \/>\n<meta property=\"og:title\" content=\"Solo Tono Magn\u00e9tico - Phaser - Ton Kontrol\" \/>\n<meta property=\"og:url\" content=\"https:\/\/www.tonkontrol.com\/de\/portfolio\/tek-manyetik-ton-pahser\/\" \/>\n<meta property=\"og:site_name\" content=\"Ton Kontrol\" \/>\n<meta property=\"article:modified_time\" content=\"2019-03-14T13:05:58+00:00\" \/>\n<meta property=\"og:image\" content=\"https:\/\/www.tonkontrol.com\/wp-content\/uploads\/2017\/07\/tek-manyetik-ton-phaser-01.jpg\" \/>\n\t<meta property=\"og:image:width\" content=\"2048\" \/>\n\t<meta property=\"og:image:height\" content=\"1536\" \/>\n\t<meta property=\"og:image:type\" content=\"image\/jpeg\" \/>\n<meta name=\"twitter:card\" content=\"summary\" \/>\n<meta name=\"twitter:label1\" content=\"Est. reading time\" \/>\n\t<meta name=\"twitter:data1\" content=\"3 minutes\" \/>\n<script type=\"application\/ld+json\" class=\"yoast-schema-graph\">{\"@context\":\"https:\/\/schema.org\",\"@graph\":[{\"@type\":\"WebSite\",\"@id\":\"https:\/\/www.tonkontrol.com\/#website\",\"url\":\"https:\/\/www.tonkontrol.com\/\",\"name\":\"Ton Kontrol\",\"description\":\"Sistemas de control de tono digital\",\"potentialAction\":[{\"@type\":\"SearchAction\",\"target\":{\"@type\":\"EntryPoint\",\"urlTemplate\":\"https:\/\/www.tonkontrol.com\/?s={search_term_string}\"},\"query-input\":\"required name=search_term_string\"}],\"inLanguage\":\"es-ES\"},{\"@type\":\"ImageObject\",\"inLanguage\":\"es-ES\",\"@id\":\"https:\/\/www.tonkontrol.com\/de\/portfolio\/tek-manyetik-ton-pahser\/#primaryimage\",\"url\":\"https:\/\/www.tonkontrol.com\/wp-content\/uploads\/2017\/07\/tek-manyetik-ton-phaser-01.jpg\",\"contentUrl\":\"https:\/\/www.tonkontrol.com\/wp-content\/uploads\/2017\/07\/tek-manyetik-ton-phaser-01.jpg\",\"width\":2048,\"height\":1536},{\"@type\":\"WebPage\",\"@id\":\"https:\/\/www.tonkontrol.com\/de\/portfolio\/tek-manyetik-ton-pahser\/#webpage\",\"url\":\"https:\/\/www.tonkontrol.com\/de\/portfolio\/tek-manyetik-ton-pahser\/\",\"name\":\"Solo Tono Magn\u00e9tico - Phaser - Ton Kontrol\",\"isPartOf\":{\"@id\":\"https:\/\/www.tonkontrol.com\/#website\"},\"primaryImageOfPage\":{\"@id\":\"https:\/\/www.tonkontrol.com\/de\/portfolio\/tek-manyetik-ton-pahser\/#primaryimage\"},\"datePublished\":\"2017-07-08T14:45:43+00:00\",\"dateModified\":\"2019-03-14T13:05:58+00:00\",\"breadcrumb\":{\"@id\":\"https:\/\/www.tonkontrol.com\/de\/portfolio\/tek-manyetik-ton-pahser\/#breadcrumb\"},\"inLanguage\":\"es-ES\",\"potentialAction\":[{\"@type\":\"ReadAction\",\"target\":[\"https:\/\/www.tonkontrol.com\/de\/portfolio\/tek-manyetik-ton-pahser\/\"]}]},{\"@type\":\"BreadcrumbList\",\"@id\":\"https:\/\/www.tonkontrol.com\/de\/portfolio\/tek-manyetik-ton-pahser\/#breadcrumb\",\"itemListElement\":[{\"@type\":\"ListItem\",\"position\":1,\"name\":\"Index\",\"item\":\"https:\/\/www.tonkontrol.com\/\"},{\"@type\":\"ListItem\",\"position\":2,\"name\":\"Produkte\",\"item\":\"https:\/\/www.tonkontrol.com\/de\/portfolio-type\/urunlerimiz\/\"},{\"@type\":\"ListItem\",\"position\":3,\"name\":\"Magnetische Einzelton &#8211; Phaser\"}]}]}<\/script>\n<!-- \/ Yoast SEO plugin. -->","yoast_head_json":{"title":"Solo Tono Magn\u00e9tico - Phaser - Ton Kontrol","robots":{"index":"index","follow":"follow","max-snippet":"max-snippet:-1","max-image-preview":"max-image-preview:large","max-video-preview":"max-video-preview:-1"},"canonical":"https:\/\/www.tonkontrol.com\/de\/portfolio\/tek-manyetik-ton-pahser\/","og_locale":"es_ES","og_type":"article","og_title":"Solo Tono Magn\u00e9tico - Phaser - Ton Kontrol","og_url":"https:\/\/www.tonkontrol.com\/de\/portfolio\/tek-manyetik-ton-pahser\/","og_site_name":"Ton Kontrol","article_modified_time":"2019-03-14T13:05:58+00:00","og_image":[{"width":2048,"height":1536,"url":"https:\/\/www.tonkontrol.com\/wp-content\/uploads\/2017\/07\/tek-manyetik-ton-phaser-01.jpg","type":"image\/jpeg"}],"twitter_card":"summary","twitter_misc":{"Est. reading time":"3 minutes"},"schema":{"@context":"https:\/\/schema.org","@graph":[{"@type":"WebSite","@id":"https:\/\/www.tonkontrol.com\/#website","url":"https:\/\/www.tonkontrol.com\/","name":"Ton Kontrol","description":"Sistemas de control de tono digital","potentialAction":[{"@type":"SearchAction","target":{"@type":"EntryPoint","urlTemplate":"https:\/\/www.tonkontrol.com\/?s={search_term_string}"},"query-input":"required name=search_term_string"}],"inLanguage":"es-ES"},{"@type":"ImageObject","inLanguage":"es-ES","@id":"https:\/\/www.tonkontrol.com\/de\/portfolio\/tek-manyetik-ton-pahser\/#primaryimage","url":"https:\/\/www.tonkontrol.com\/wp-content\/uploads\/2017\/07\/tek-manyetik-ton-phaser-01.jpg","contentUrl":"https:\/\/www.tonkontrol.com\/wp-content\/uploads\/2017\/07\/tek-manyetik-ton-phaser-01.jpg","width":2048,"height":1536},{"@type":"WebPage","@id":"https:\/\/www.tonkontrol.com\/de\/portfolio\/tek-manyetik-ton-pahser\/#webpage","url":"https:\/\/www.tonkontrol.com\/de\/portfolio\/tek-manyetik-ton-pahser\/","name":"Solo Tono Magn\u00e9tico - Phaser - Ton Kontrol","isPartOf":{"@id":"https:\/\/www.tonkontrol.com\/#website"},"primaryImageOfPage":{"@id":"https:\/\/www.tonkontrol.com\/de\/portfolio\/tek-manyetik-ton-pahser\/#primaryimage"},"datePublished":"2017-07-08T14:45:43+00:00","dateModified":"2019-03-14T13:05:58+00:00","breadcrumb":{"@id":"https:\/\/www.tonkontrol.com\/de\/portfolio\/tek-manyetik-ton-pahser\/#breadcrumb"},"inLanguage":"es-ES","potentialAction":[{"@type":"ReadAction","target":["https:\/\/www.tonkontrol.com\/de\/portfolio\/tek-manyetik-ton-pahser\/"]}]},{"@type":"BreadcrumbList","@id":"https:\/\/www.tonkontrol.com\/de\/portfolio\/tek-manyetik-ton-pahser\/#breadcrumb","itemListElement":[{"@type":"ListItem","position":1,"name":"Index","item":"https:\/\/www.tonkontrol.com\/"},{"@type":"ListItem","position":2,"name":"Produkte","item":"https:\/\/www.tonkontrol.com\/de\/portfolio-type\/urunlerimiz\/"},{"@type":"ListItem","position":3,"name":"Magnetische Einzelton &#8211; Phaser"}]}]}},"_links":{"self":[{"href":"https:\/\/www.tonkontrol.com\/es\/wp-json\/wp\/v2\/portfolio\/339"}],"collection":[{"href":"https:\/\/www.tonkontrol.com\/es\/wp-json\/wp\/v2\/portfolio"}],"about":[{"href":"https:\/\/www.tonkontrol.com\/es\/wp-json\/wp\/v2\/types\/portfolio"}],"author":[{"embeddable":true,"href":"https:\/\/www.tonkontrol.com\/es\/wp-json\/wp\/v2\/users\/1"}],"replies":[{"embeddable":true,"href":"https:\/\/www.tonkontrol.com\/es\/wp-json\/wp\/v2\/comments?post=339"}],"wp:featuredmedia":[{"embeddable":true,"href":"https:\/\/www.tonkontrol.com\/es\/wp-json\/wp\/v2\/media\/200"}],"wp:attachment":[{"href":"https:\/\/www.tonkontrol.com\/es\/wp-json\/wp\/v2\/media?parent=339"}],"wp:term":[{"taxonomy":"portfolio-type","embeddable":true,"href":"https:\/\/www.tonkontrol.com\/es\/wp-json\/wp\/v2\/portfolio-type?post=339"}],"curies":[{"name":"wp","href":"https:\/\/api.w.org\/{rel}","templated":true}]}}

Solo Tono Magnético &#8211; Phaser

<p>Somos el único tono magnético del diseño y fabricación de circuitos, también conocida como los músicos amigos toneladas alabarda. características: &#8211; 6 opción de Ton &#8211; Toneladas afilan &#8211; preamplificador Bass &#8211; z T &#8211; Control de volumen &#8211; Phaser (Leslie) estilo de Anatolia central se ha logrado con la adición de tonificación.</p>
<p><center><div class="kad-youtube-shortcode videofit" style="max-width:600px;" ><iframe width="600" height="400" src="//www.youtube.com/embed/cE3YWsUO7lE?autoplay=0&amp;controls=1&amp;fs=1&amp;modestbranding=1&amp;theme=dark&amp;rel=0&amp;loop=0" frameborder="0" allowfullscreen="true"></iframe></div></center></p>
<p><center><div class="kad-youtube-shortcode videofit" style="max-width:600px;" ><iframe width="600" height="400" src="//www.youtube.com/embed/U4qgc_RGPl8?autoplay=0&amp;controls=1&amp;fs=1&amp;modestbranding=1&amp;theme=dark&amp;rel=0&amp;loop=0" frameborder="0" allowfullscreen="true"></iframe></div></center></p>

<p>Somos el único tono magnético del diseño y fabricación de circuitos, también conocida como los músicos amigos toneladas alabarda. características: &#8211; 6 opción de Ton &#8211; Toneladas afilan &#8211; preamplificador Bass &#8211; z T &#8211; Control de volumen &#8211; Phaser &hellip; <a href="https://www.tonkontrol.com/es/portfolio/tek-manyetik-ton-pahser/">Continuar</a></p>

<!-- This site is optimized with the Yoast SEO plugin v19.0 - https://yoast.com/wordpress/plugins/seo/ -->
<title>Solo Tono Magnético - Phaser - Ton Kontrol</title>
<meta name="robots" content="index, follow, max-snippet:-1, max-image-preview:large, max-video-preview:-1" />
<link rel="canonical" href="https://www.tonkontrol.com/de/portfolio/tek-manyetik-ton-pahser/" />
<meta property="og:locale" content="es_ES" />
<meta property="og:type" content="article" />
<meta property="og:title" content="Solo Tono Magnético - Phaser - Ton Kontrol" />
<meta property="og:url" content="https://www.tonkontrol.com/de/portfolio/tek-manyetik-ton-pahser/" />
<meta property="og:site_name" content="Ton Kontrol" />
<meta property="article:modified_time" content="2019-03-14T13:05:58+00:00" />
<meta property="og:image" content="https://www.tonkontrol.com/wp-content/uploads/2017/07/tek-manyetik-ton-phaser-01.jpg" />
	<meta property="og:image:width" content="2048" />
	<meta property="og:image:height" content="1536" />
	<meta property="og:image:type" content="image/jpeg" />
<meta name="twitter:card" content="summary" />
<meta name="twitter:label1" content="Est. reading time" />
	<meta name="twitter:data1" content="3 minutes" />
<script type="application/ld+json" class="yoast-schema-graph">{"@context":"https://schema.org","@graph":[{"@type":"WebSite","@id":"https://www.tonkontrol.com/#website","url":"https://www.tonkontrol.com/","name":"Ton Kontrol","description":"Sistemas de control de tono digital","potentialAction":[{"@type":"SearchAction","target":{"@type":"EntryPoint","urlTemplate":"https://www.tonkontrol.com/?s={search_term_string}"},"query-input":"required name=search_term_string"}],"inLanguage":"es-ES"},{"@type":"ImageObject","inLanguage":"es-ES","@id":"https://www.tonkontrol.com/de/portfolio/tek-manyetik-ton-pahser/#primaryimage","url":"https://www.tonkontrol.com/wp-content/uploads/2017/07/tek-manyetik-ton-phaser-01.jpg","contentUrl":"https://www.tonkontrol.com/wp-content/uploads/2017/07/tek-manyetik-ton-phaser-01.jpg","width":2048,"height":1536},{"@type":"WebPage","@id":"https://www.tonkontrol.com/de/portfolio/tek-manyetik-ton-pahser/#webpage","url":"https://www.tonkontrol.com/de/portfolio/tek-manyetik-ton-pahser/","name":"Solo Tono Magnético - Phaser - Ton Kontrol","isPartOf":{"@id":"https://www.tonkontrol.com/#website"},"primaryImageOfPage":{"@id":"https://www.tonkontrol.com/de/portfolio/tek-manyetik-ton-pahser/#primaryimage"},"datePublished":"2017-07-08T14:45:43+00:00","dateModified":"2019-03-14T13:05:58+00:00","breadcrumb":{"@id":"https://www.tonkontrol.com/de/portfolio/tek-manyetik-ton-pahser/#breadcrumb"},"inLanguage":"es-ES","potentialAction":[{"@type":"ReadAction","target":["https://www.tonkontrol.com/de/portfolio/tek-manyetik-ton-pahser/"]}]},{"@type":"BreadcrumbList","@id":"https://www.tonkontrol.com/de/portfolio/tek-manyetik-ton-pahser/#breadcrumb","itemListElement":[{"@type":"ListItem","position":1,"name":"Index","item":"https://www.tonkontrol.com/"},{"@type":"ListItem","position":2,"name":"Produkte","item":"https://www.tonkontrol.com/de/portfolio-type/urunlerimiz/"},{"@type":"ListItem","position":3,"name":"Magnetische Einzelton &#8211; Phaser"}]}]}</script>
<!-- / Yoast SEO plugin. -->

Solo Tono Magnético - Phaser - Ton Kontrol
